7 and 262293.
5143
What is the greatest common factor of 4909 and 3134151050?
4909
Calculate the greatest common divisor of 7091066 and 6112.
382
What is the highest common factor of 95 and 5323781?
19
Calculate the highest common divisor of 1883141 and 1105.
221
Calculate the greatest common factor of 269239 and 1900023.
307
Calculate the highest common factor of 125641800 and 10.
10
Calculate the highest common divisor of 136 and 201357554.
34
What is the greatest common divisor of 63504 and 711774?
2646
What is the highest common factor of 191 and 71243?
191
Calculate the greatest common factor of 44473 and 19020760.
3421
What is the highest common factor of 672 and 34141908?
12
What is the highest common factor of 109 and 27137839?
109
Calculate the greatest common factor of 223944 and 56730072.
7224
Calculate the highest common divisor of 31217 and 824733.
1007
Calculate the greatest common divisor of 13790656 and 338168.
8248
Calculate the greatest common divisor of 13454855 and 604.
151
What is the greatest common divisor of 25522148 and 796?
796
Calculate the highest common factor of 153 and 9144378.
9
What is the highest common factor of 105327020 and 100?
20
What is the highest common factor of 40002 and 7076286?
678
Calculate the greatest common factor of 288624 and 10752.
336
Calculate the highest common divisor of 3122 and 6272.
14
Calculate the greatest common factor of 688758990 and 2610.
870
What is the highest common divisor of 166693153 and 88?
11
Calculate the highest common divisor of 20388379 and 242.
121
Calculate the highest common divisor of 11952 and 230408.
664
Calculate the greatest common factor of 2868 and 10778661.
717
What is the highest common factor of 524 and 540095708?
524
What is the highest common factor of 4533296 and 311752?
2344
What is the greatest common divisor of 132375 and 1706755?
1765
What is the greatest common divisor of 1324432 and 644?
92
Calculate the highest common factor of 10140 and 36225150.
5070
Calculate the highest common factor of 24705 and 101476245.
915
What is the greatest common divisor of 54550 and 58600?
50
What is the highest common factor of 427365 and 450?
45
What is the highest common divisor of 8433550 and 670?
10
Calculate the greatest common factor of 584 and 14622484.
292
Calculate the highest common divisor of 10671849 and 27.
9
Calculate the greatest common divisor of 184 and 514740.
92
Calculate the highest common factor of 2317317 and 132.
3
What is the greatest common factor of 48202 and 1086?
2
Calculate the greatest common factor of 714 and 228088.
14
Calculate the greatest common factor of 1457 and 13028432.
31
Calculate the greatest common factor of 6768 and 555624.
72
What is the greatest common factor of 20 and 10157760?
20
Calculate the highest common factor of 541416 and 10744.
136
Calculate the highest common factor of 189139434 and 132.
66
Calculate the greatest common divisor of 8880 and 68120.
40
What is the highest common divisor of 56269103 and 4565?
913
What is the greatest common factor of 498 and 433482606?
498
What is the highest common factor of 39711 and 620187?
183
Calculate the highest common divisor of 40 and 291281180.
20
What is the highest common factor of 661281 and 16854?
159
Calculate the highest common divisor of 432 and 2788160.
16
What is the highest common factor of 294 and 26277377?
49
What is the greatest common factor of 393705262 and 7864?
1966
Calculate the highest common factor of 43920580 and 5060.
220
Calculate the greatest common factor of 13815279 and 162.
81
What is the greatest common factor of 731160 and 41080?
40
Calculate the greatest common factor of 103960933 and 17.
17
What is the greatest common divisor of 16 and 183768?
8
Calculate the highest common factor of 5871 and 1689993.
57
What is the greatest common divisor of 473 and 80393918?
473
What is the highest common divisor of 9800 and 10777550?
2450
Calculate the greatest common factor of 5880 and 6967065.
735
Calculate the highest common factor of 946926 and 2450736.
558
Calculate the greatest common divisor of 10224044 and 3.
1
Calculate the greatest common divisor of 810660 and 84267420.
13740
What is the highest common factor of 635030410 and 12488?
3122
Calculate the highest common factor of 57424 and 198616.
296
Calculate the highest common divisor of 2077 and 1526533.
31
What is the greatest common factor of 60014 and 4004718?
1622
What is the highest common divisor of 8294 and 46283666?
286
Calculate the highest common factor of 857545 and 24490.
395
What is the highest common factor of 3024 and 15208158?
42
What is the greatest common divisor of 139557 and 21615?
33
Calculate the greatest common divisor of 865926 and 113004.
1314
What is the greatest common factor of 3645 and 5206815?
135
What is the greatest common divisor of 75696749 and 69?
23
Calculate the highest common factor of 120815216 and 20.
4
What is the greatest common factor of 7186021 and 2824?
353
What is the highest common factor of 586697329 and 61?
61
What is the highest common factor of 298638 and 150378?
2118
Calculate the greatest common factor of 2810695 and 136.
17
What is the greatest common factor of 2295903 and 249387?
2571
What is the greatest common divisor of 399359 and 5546?
47
What is the highest common divisor of 6825 and 163863?
21
Calculate the highest common factor of 33958446 and 3702.
3702
What is the greatest common factor of 4272 and 44750891?
89
Calculate the highest common divisor of 179478535 and 290.
145
What is the highest common factor of 24413323 and 22?
11
Calculate the greatest common factor of 9 and 31493547.
9
Calculate the greatest common divisor of 17200 and 699025.
25
What is the greatest common factor of 577640 and 31520?
40
What is the highest common factor of 297 and 71745399?
297
Calculate the highest common divisor of 29590590 and 9321.
717
What is the highest common factor of 862391 and 1501?
19
Calculate the highest common divisor of 2123 and 159974419.
2123
Calculate the highest common divisor of 2548 and 7199962.
98
What is the highest common factor of 15048 and 15019956?
684
What is the greatest common factor of 4297912 and 21376?
1336
Calculate the greatest common factor of 3783306 and 1284.
642
Calculate the highest common divisor of 579860529 and 1146.
573
What is the highest common factor of 183366 and 1343952?
1098
Calculate the highest common divisor of 113 and 450948987.
113
Calculate the highest common divisor of 13840 and 1195776.
2768
Calculate the highest common factor of 329436275 and 175.
175
What is the greatest common divisor of 115169824 and 4312?
616
Calculate the greatest common divisor of 3947752 and 444.
148
What is the highest common factor of 4982 and 1468365?
53
What is the greatest common divisor of 698100 and 15340?
260
What is the greatest common divisor of 20305128 and 24299?
2209
What is the highest common factor of 7873797 and 1863?
69
What is the highest common factor of 21 and 19065389?
7
What is the highest common divisor of 48512 and 154600164?
1516
What is the highest common factor of 1990048 and 32416?
32
What is the highest common divisor of 31850981 and 5716?
1429
What is the highest common divisor of 854 and 40448368?
122
What is the highest common divisor of 1080 and 9876?
12
What is the highest common factor of 149166135 and 9685?
745
Calculate the highest common divisor of 1954287 and 3312.
207
Calculate the highest common factor of 46958 and 5774948.
886
Calculate the highest common divisor of 103571 and 848315.
403
Calculate the greatest common factor of 23 and 117988781.
23
What is the highest common divisor of 2515022 and 1148?
82
What is the greatest common factor of 47112440 and 10?
10
What is the greatest common divisor of 4874340 and 40?
20
What is the greatest common factor of 165 and 849451955?
55
Calculate the greatest common divisor of 61645 and 1525.
5
Calculate the greatest common divisor of 283752 and 12222.
126
What is the highest common factor of 3116 and 159232274?
1558
Calculate the greatest common factor of 498 and 219618.
498
Calculate the highest common divisor of 3103628093 and 38.
19
Calculate the highest common divisor of 9627488 and 4.
4
Calculate the greatest common di